base 2?
101010
What is 25 (base 13) in base 9?
34
Convert 141 (base 6) to base 14.
45
What is -3 (base 8) in base 5?
-3
27 (base 13) to base 4
201
What is -36 (base 10) in base 5?
-121
1 (base 9) to base 5
1
What is 0 (base 4) in base 3?
0
Convert 1 (base 4) to base 10.
1
What is -15 (base 7) in base 6?
-20
What is -10 (base 3) in base 11?
-3
What is 0 (base 10) in base 5?
0
Convert b (base 13) to base 7.
14
What is 2 (base 13) in base 9?
2
What is 4 (base 13) in base 9?
4
-1ae (base 16) to base 6
-1554
30 (base 6) to base 4
102
Convert 60 (base 8) to base 12.
40
What is -12 (base 9) in base 15?
-b
What is 2 (base 3) in base 4?
2
10 (base 4) to base 13
4
Convert -28 (base 16) to base 15.
-2a
What is 129 (base 10) in base 13?
9c
What is 2 (base 5) in base 11?
2
Convert -c (base 15) to base 10.
-12
What is 1 (base 5) in base 13?
1
Convert -38 (base 12) to base 8.
-54
2 (base 10) to base 6
2
3 (base 14) to base 2
11
What is -185 (base 10) in base 16?
-b9
Convert 3 (base 4) to base 2.
11
Convert -2 (base 15) to base 6.
-2
Convert 138 (base 12) to base 5.
1223
-224 (base 5) to base 10
-64
-11 (base 11) to base 6
-20
What is -11110010 (base 2) in base 7?
-464
19 (base 12) to base 13
18
Convert -7 (base 8) to base 10.
-7
What is 5 (base 14) in base 9?
5
100 (base 2) to base 6
4
Convert -2 (base 14) to base 10.
-2
Convert -20 (base 15) to base 4.
-132
Convert 16 (base 8) to base 9.
15
3 (base 6) to base 11
3
Convert -112 (base 6) to base 5.
-134
Convert 2 (base 8) to base 12.
2
300 (base 9) to base 14
135
What is 12 (base 14) in base 16?
10
1c (base 16) to base 6
44
Convert 3 (base 14) to base 11.
3
What is -32 (base 6) in base 8?
-24
What is 10001 (base 2) in base 3?
122
What is 9c (base 13) in base 14?
93
-2c (base 16) to base 14
-32
What is -2031 (base 4) in base 9?
-166
What is 25 (base 11) in base 6?
43
Convert -24 (base 11) to base 16.
-1a
What is 2 (base 3) in base 13?
2
-3a (base 12) to base 11
-42
101 (base 3) to base 14
a
Convert -157 (base 14) to base 16.
-111
Convert 6 (base 15) to base 11.
6
What is 14 (base 14) in base 13?
15
What is 142 (base 7) in base 9?
87
What is 37 (base 10) in base 3?
1101
Convert 0 (base 12) to base 10.
0
Convert 22 (base 7) to base 16.
10
-254 (base 13) to base 12
-29b
What is -3 (base 12) in base 13?
-3
-1 (base 13) to base 5
-1
-13 (base 8) to base 3
-102
-112 (base 4) to base 13
-19
Convert -6 (base 7) to base 10.
-6
What is -3 (base 11) in base 13?
-3
0 (base 12) to base 5
0
24 (base 6) to base 3
121
What is 3 (base 16) in base 6?
3
-6 (base 13) to base 8
-6
What is -19 (base 12) in base 14?
-17
Convert -2e (base 15) to base 4.
-230
What is -230 (base 8) in base 9?
-178
-1 (base 4) to base 13
-1
2022 (base 3) to base 15
42
What is -85 (base 15) in base 16?
-7d
What is 5b (base 14) in base 12?
69
What is -26 (base 16) in base 9?
-42
25 (base 9) to base 16
17
Convert -4 (base 13) to base 14.
-4
Convert 23 (base 10) to base 13.
1a
What is -2 (base 4) in base 6?
-2
What is 12 (base 13) in base 4?
33
Convert -4 (base 7) to base 6.
-4
What is 12 (base 10) in base 9?
13
Convert -3 (base 12) to base 2.
-11
Convert 20 (base 4) to base 16.
8
-3 (base 5) to base 7
-3
Convert -10 (base 3) to base 12.
-3
-35 (base 8) to base 7
-41
-3 (base 5) to base 6
-3
Convert -24 (base 6) to base 5.
-31
Convert -11000 (base 2) to base 4.
-120
-12 (base 12) to base 14
-10
What is 5 (base 11) in base 6?
5
-11 (base 13) to base 8
-16
What is 4 (base 5) in base 6?
4
3 (base 13) to base 6
3
-11123 (base 4) to base 9
-425
What is -2 (base 12) in base 6?
-2
30 (base 7) to base 14
17
0 (base 4) to base 3
0
-3101 (base 4) to base 8
-321
10 (base 3) to base 5
3
What is 8 (base 11) in base 4?
20
211 (base 5) to base 7
110
11 (base 9) to base 16
a
Convert 19 (base 15) to base 16.
18
62 (base 10) to base 14
46
Convert 55 (base 11) to base 15.
40
Convert -324 (base 8) to base 7.
-422
Convert -1012 (base 5) to base 6.
-340
Convert -12 (base 3) to base 5.
-10
What is -3 (base 10) in base 13?
-3
Convert -27 (base 16) to base 13.
-30
-10 (base 10) to base 5
-20
What is 17 (base 12) in base 5?
34
5 (base 9) to base 7
5
What is -6 (base 11) in base 6?
-10
210 (base 7) to base 6
253
5 (base 12) to base 5
10
-4 (base 5) to base 4
-10
Convert 5 (base 6) to base 10.
5
-101 (base 2) to base 6
-5
What is 57 (base 15) in base 7?
145
14 (base 5) to base 16
9
Convert 6 (base 14) to base 6.
10
What is 0 (base 8) in base 10?
0
Convert -93 (base 10) to base 16.
-5d
-a5 (base 16) to base 15
-b0
What is 10 (base 5) in base 16?
5
Convert -4 (base 8) to base 13.
-4
11 (base 7) to base 13
8
-100 (base 2) to base 10
-4
What is -3 (base 12) in base 15?
-3
What is -13 (base 8) in base 4?
-23
What is 100 (base 2) in base 13?
4
What is -23 (base 11) in base 9?
-27
What is -15 (base 16) in base 2?
-10101
What is -2 (base 10) in base 6?
-2
-2 (base 13) to base 15
-2
-20 (base 9) to base 10
-18
-246 (base 7) to base 4
-2010
Convert -26 (base 13) to base 14.
-24
-160 (base 7) to base 16
-5b
Convert 1 (base 3) to base 10.
1
2 (base 6) to base 15
2
What is -b (base 16) in base 10?
-11
Convert 1 (base 15) to base 9.
1
3a (base 13) to base 11
45
What is -49 (base 14) in base 15?
-45
Convert 12 (base 8) to base 6.
14
-8 (base 12) to base 6
-12
21 (base 3) to base 14
7
What is -14 (base 5) in base 13?
-9
Convert -7 (base 12) to base 2.
-111
Convert 2 (base 13) to base 9.
2
What is 1 (base 3) in base 7?
1
What is -1123 (base 4) in base 6?
-231
-11011 (base 2) to base 13
-21
-110 (base 2) to base 16
-6
What is 150 (base 8) in base 15?
6e
What is -34 (base 6) in base 16?
-16
-33 (base 10) to base 12
-29
111 (base 4) to base 6
33
Convert 6 (base 12) to base 14.
6
-101 (base 2) to base 8
-5
Convert 3 (base 11) to base 5.
3
Convert 0 (base 2) to base 11.
0
Convert -5 (base 14) to base 8.
-5
Convert -1200 (base 3) to base 12.
-39
Convert -1 (base 12) to base 3.
-1
-24 (base 7) to base 11
-17
What is -1 (base 3) in base 11?
-1
What is 10 (base 2) in base 8?
2
Convert -75 (base 8) to base 9.
-67
-26 (base 15) to base 11
-33
-41 (base 6) to base 9
-27
Convert 1212 (base 3) to base 6.
122
Convert d3 (base 16) to base 4.
3103
Convert 1211 (base 4) to base 13.
7a
11 (base 13) to base 10
14
What is 0 (base 14) in base 3?
0
Convert 4 (base 16) to base 3.
11
85 (base 14) to base 3
11100
-44 (base 7) to base 12
-28
Convert 3 (base 14) to base 7.
3
-260 (base 8) to base 10
-176
Convert 104 (base 7) to base 4.
311
0 (base 6) to base 8
0
Convert -100 (base 2) to base 6.
-4
What is -261 (base 9) in base 6?
-1001
Convert 8 (base 13) to base 8.
10
-240 (base 6) to base 2
-1100000
-3 (base 5) to base 8
-3
What is 10 (base 3) in base 16?
3
20000 (base 3) to base 11
138
0 (base 3) to base 6
0
Convert -257 (base 8) to base 5.
-1200
-1 (base 4) to base 5
-1
What is 21 (base 13) in base 10?
27
Convert -5 (base 8) to base 14.
-5
What is 2 (base 12) in base 8?
2
Convert -23 (base 6) to base 8.
-17
What is -20 (base 10) in base 15?
-15
-1 (base 5) to base 9
-1
-304 (base 9) to base 14
-139
What is 30 (base 12) in base 3?
1100
1 (base 9) to base 7
1
110 (base 4) to base 16
14
7b (base 15) to base 16
74
-15 (base 8) to base 12
-11
What is 9 (base 11) in base 7?
12
-46 (base 12) to base 3
-2000
Convert 1 (base 15) to base 14.
1
Convert 211 (base 3) to base 12.
1a
7 (base 14) to base 2
111
What is 1331 (base 5) in base 13?
138
Convert 19 (base 12) to base 15.
16
Convert 35 (base 15) to base 10.
50
17 (base 9) to base 13
13
Convert 23 (base 5) to base 14.
d
-211 (base 3) to base 2
-10110
What is 14 (base 11) in base 5?
30
What is -6 (base 16) in base 2?
-110
Convert 2 (base 12) to base 5.
2
-2 (base 5) to base 14
-2
What is 11 (base 3) in base 6?
4
-10 (base 5) to base 12
-5
-415 (base 8) to base 3
-100222
Convert -112 (base 3) to base 2.
-1110
What is 21 (base 3) in base 5?
12
Convert 312 (base 7) to base 11.
132
310 (base 5) to base 8
120
What is 110111 (base 2) in base 6?
131
-37 (base 14) to base 13
-3a
-12 (base 5) to base 14
-7
5c (base 13) to base 2
1001101
Convert -1 (base 14) to base 7.
-1
Convert -20 (base 3) to base 8.
-6
Convert 13 (base 6) to base 13.
9
Convert -4 (base 8) to base 10.
-4
Convert -50 (base 14) to base 12.
-5a
What is 8 (base 16) in base 8?
10
23 (base 9) to base 14
17
What is 4 (base 9) 